 k.
13
Let s(h) = -3*h**2 + 73*h + 63. Let w be s(24). Suppose 92*g - 2360 = w*g. What is the highest common factor of 8 and g?
8
Let p(g) = 5*g**3 - 7*g**2 - 6*g + 21. Let w be p(5). Suppose -r + 445 = 5*c, -14*c - w = -r - 15*c. What is the highest common factor of 5 and r?
5
Let n be (0 + -4)*(77/(-28) + 2). Let j be (2 - n)/(2/(-58)). Suppose -3*d + 118 = -143. What is the greatest common divisor of d and j?
29
Let j be 9 + (-4 - (-4 - -2)). Let b(i) = -i**3 + 7*i**2 - 7*i + 17. Let q be b(j). Let p be (-6)/2 - q/8. Calculate the highest common factor of p and 1.
1
Suppose 3*t = 4*h + 716, 0 = -13*t + 14*t + 4*h - 244. Calculate the greatest common factor of t and 2928.
48
Suppose -383*s + 704 = -381*s. Suppose -83 = -3*p + 13. What is the highest common factor of p and s?
32
Let z(v) = -31*v + 476. Let h be z(15). Let l be (-15)/20 - 1455/(-4). Calculate the highest common divisor of l and h.
11
Let s(r) = -r**3 - 25*r**2 - 23*r + 326. Let j be s(-26). Calculate the greatest common factor of j and 100.
100
Let i be 36*-2*2/(-8). Suppose -2*q + m = -27, -2*m = -7*q + 12*q - 54. Let w be 18/1*(q - 3). What is the greatest common divisor of i and w?
18
Suppose -18*s + 66022 - 59326 = 0. What is the greatest common factor of 7192 and s?
124
Suppose 23 = 4*f + 5*q, -2*f - 27 = 5*q - 26. Calculate the greatest common divisor of f and 7500.
12
Let d be (((-153)/(-714))/(2/(-72)))/(6/(-224)). Calculate the highest common divisor of d and 368.
16
Suppose 2*c + 1272 = b, -5*c + 6420 = -65*b + 70*b. What is the greatest common factor of b and 240?
80
Let q be 282 - 64/8 - 2. Calculate the greatest common divisor of 1176 and q.
8
Suppose -1208 = 11*r - 19*r. Suppose -w = -44 - r. Calculate the greatest common factor of w and 65.
65
Let l = -25375 + 28912. Calculate the greatest common divisor of l and 81.
27
Suppose 0 = -29*m + 17*m + 7*m + 18245. Calculate the greatest common factor of 178 and m.
89
Suppose 2*m - 235 = -4*h - 63, -h = 5*m - 394. Let z = m - 28. Let j be -1 - ((-21)/(-1))/(-1). Calculate the greatest common factor of j and z.
10
Let u be (-5)/(8/(-588)*27/18). What is the greatest common divisor of u and 20?
5
Let s(g) = g**3 + 11*g**2 + 13*g + 35. Let x be s(-10). Suppose 10*z - 4*y - 222 = x*z, 2*z - 90 = 2*y. What is the greatest common divisor of 42 and z?
42
Let k be ((-210)/(-20))/(6/72). Calculate the highest common divisor of k and 1182.
6
Suppose 2*p - 354 = 4*x, -p - p + 5*x + 352 = 0. Let j = -45 + p. Suppose 0 = -11*s + 43 + 144. Calculate the greatest common divisor of j and s.
17
Let b be (-34)/((2 - (-58564)/(-22715)) + (-4)/(-7)). What is the highest common divisor of 340 and b?
85
Suppose -x + f = -3*x + 13, -3*f - 24 = -3*x. Suppose 1 - 1 = x*j. Suppose 3*p + j*p - 19 = -l, 4*l + 43 = 5*p. What is the highest common divisor of 21 and p?
7
Let v(k) = -k**3 + 3*k**2 - 5*k - 9. Let o be v(5). Let w be (o/66)/7 + (-237)/(-33). Calculate the greatest common factor of w and 7.
7
Let r(z) be the first derivative of -z**4/4 + 3*z**3 - 6*z**2 + 13*z - 90. Let v be r(5). Calculate the greatest common divisor of 159 and v.
53
Let p = -590 + 1017. Let q = 537 - p. What is the highest common factor of 22 and q?
22
Let j = -22 + 19. Let r be -2 + (4 - (3 + j)). Suppose r*p - 238 = -5*p. What is the greatest common divisor of p and 2?
2
Suppose 19 = -g - 18. Let s = -497 + 444. Let j = g - s. Calculate the highest common factor of 176 and j.
16
Let a = -889 + 965. What is the greatest common factor of 6764 and a?
76
Suppose -2*p = 2*p - 4, -3*v = -p + 1. Let z be (-24)/48*(1 - (v - -11)). Suppose d = -3*d + 380. What is the greatest common factor of z and d?
5
Suppose -4*v = -49 + 1. Let k = 251 + -216. Let j be ((-5)/(k/(-28)))/((-2)/(-48)). What is the highest common divisor of j and v?
12
Suppose 0 = 23*m - 21*m - 3*y - 942, -2424 = -5*m - 4*y. Let t = 150 + -90. What is the highest common divisor of m and t?
60
Let w be -9 + -3*234*(0 - 1). What is the greatest common factor of 792 and w?
99
Suppose -4*t = -2*q + 310, -3*q + 3*t = -2*t - 470. Let h(c) = 2*c**2 + 960*c - 4817. Let u be h(5). Calculate the highest common factor of q and u.
33
Let v(t) = 5*t - 9. Suppose 3*a - 20 = 25. Let q be v(a). Let n be -8 + (7 + 117/(-21))*21. What is the highest common divisor of q and n?
22
Suppose 1116 = 5*w - 3*w. Suppose 2728 = 11*h + 9*h + 2*h. Calculate the greatest common divisor of h and w.
62
Let s = 130 - 58. Let w = -43 - -10. Let x = w - -51. What is the greatest common divisor of s and x?
18
Let c be -14 + ((-85)/5 - -1522). What is the greatest common divisor of c and 284?
71
Suppose 0 = f - 275 + 638. Let j = f + 369. What is the greatest common factor of 138 and j?
6
Let z be ((-4)/12)/((-2)/54). Let u = 33 - 32. Let h be (61 + (u - 2))*(-6)/(-5). Calculate the greatest common divisor of h and z.
9
Let v(x) = 64*x**3 + x**2 - 2*x + 1. Let w be v(1). Suppose 6*t - 575 = -551. Calculate the greatest common divisor of t and w.
4
Let n be 436/981*(-189)/(-3). What is the greatest common factor of 189 and n?
7
Let j = -4442 - -5780. Calculate the highest common divisor of j and 48.
6
Suppose -5122 = 122*k - 20981 - 21351. Calculate the greatest common factor of 10187 and k.
61
Suppose 24*g - 300 = 14*g. Let u(z) = z**3 + 19*z**2 - 74*z - 41. Let h be u(-22). What is the highest common divisor of g and h?
15
Let w be 672/(-80)*(-400)/10. What is the highest common factor of 147 and w?
21
Suppose 0 = 29*f - 394 - 998. Suppose -f = 43*c - 1768. Calculate the greatest common factor of c and 410.
10
Let m = -3318 - -3471. What is the greatest common factor of m and 51?
51
Let o be (-4 + -1)*25/((-250)/12). Suppose 5*d - 3*g = 582, 2*d - g + o*g - 239 = 0. Calculate the highest common factor of d and 39.
39
Let p(s) = -57*s + 323. Let x be p(0). Calculate the greatest common factor of x and 19.
19
Let s be (-2158)/(-7) - (-570)/(-1995). Calculate the greatest common factor of 322 and s.
14
Let p be (96/(-144))/((-6)/315). What is the greatest common factor of p and 17?
1
Suppose 404622 = -91*j + 150*j. Calculate the highest common factor of 6 and j.
6
Let k = 575 + -831. Let b be ((-2)/(-5) - k/(-40))*2. Let c(a) = a**2 + 8*a + 4. Let v be c(b). What is the greatest common factor of 156 and v?
52
Let q = -83 + 208. Suppose 0 = -q*d + 119*d + 408. Calculate the greatest common factor of 170 and d.
34
Suppose 20 + 8 = -2*x + 4*r, -35 = 2*x + 3*r. Let l be -172*((-30)/x)/((-18)/12). Calculate the greatest common factor of l and 5.
5
Let o(x) = 1335*x**2 + 4*x. Let g be o(1). What is the greatest common divisor of g and 26?
13
Let g be 68*-2*96/(-128). Suppose 0 = -22*y + 822 + g. Suppose -31 + 1 = -5*f. Calculate the greatest common divisor of f and y.
6
Suppose 42 = -11*o + 86. Suppose 0 = -3*u - 5*l + 33, 68 - 13 = o*u + 3*l. What is the greatest common factor of 12 and u?
4
Let i(d) = 9*d**2 - 29*d + 5. Let j be i(3). Let q be (-11)/((-66)/(-108))*4/j. Let s be 12/2*(-4)/(-3). Calculate the greatest common divisor of s and q.
8
Let y = 16 + -6. Let s be -2*(-15)/y*8. Suppose -s = x - 154. What is the greatest common divisor of 20 and x?
10
Let a = -1159 - -1224. What is the greatest common divisor of 1040 and a?
65
Suppose -12*b - 1 = -61. Suppose 5*c = 2*j - 196, -3*j = b*c - 98 - 196. Calculate the greatest common factor of 42 and j.
14
Suppose f - 1 = 3*t, 0*f + t + 27 = -5*f. Let p be -2*f/(-20)*-6. Suppose 0 = -4*b, -114 - 18 = -p*s + 2*b. What is the greatest common divisor of s and 110?
22
Suppose -9 = 11*c + 156. Let d be (-276)/c - ((-135)/(-25) + -5). What is the greatest common factor of d and 144?
18
Let j be 110791*(-245)/(-9660) - ((-2)/(-24))/(-1). What is the greatest common factor of j and 10?
10
Let y = 196 - 194. Suppose 0 = -y*b + 5*w + 173, -b - 4*b + 4*w + 424 = 0. What is the highest common factor of 72 and b?
12
Let t(o) = 62*o**2 - 606*o + 8. Let y be t(13). What is the highest common divisor of y and 163?
163
Let h(a) = a**3 - 6*a**2 + 5*a - 7. Let u be (90/(-35))/(-3)*7. Let y be h(u). Calculate the greatest common divisor of y and 667.
23
Let j be (-14)/4 - 4/(-8). Let w be (j + 11)/(6/9). What is the highest common factor of 42 and w?
6
Let r(c) = -c + 133. Let u be r(-31). Let z = 1597 + -1596. Calc